 Let s = c - q. What is the tens digit of s?
7
Let o(x) = -116*x + 12. Let u be (-2)/(8/7) - (-23)/(-92). What is the tens digit of o(u)?
4
Let g(m) = -m**2 - 4*m - 6. Let y be g(-6). Let i(o) = -19 - 1 - 9 - 2 - 6*o + 3*o. What is the units digit of i(y)?
3
Let g be 1*2*1/4*-202. What is the tens digit of (3 + -2 + -7)*g?
0
Let l(s) = 15*s - 8. Suppose 26*j - 25*j = 0. Let b be j/(-2) - (-5 + -2). What is the units digit of l(b)?
7
What is the units digit of (14/10)/((-4)/(-120)*-9)*-10572?
6
Let m(i) = 6*i + 2. Let v be m(2). Let j = -1 - v. Let n = 32 + j. What is the units digit of n?
7
Suppose -10*f - 6 = -13*f. Suppose 0 = f*x - 365 - 385. What is the units digit of x?
5
What is the units digit of -1 + (-32)/6*(-11 + 29237/(-26))?
5
Let j(a) = a**2 - a + 3*a**3 + 2*a**3 + 7 + 4*a - a**3. What is the tens digit of j(5)?
4
Let y(g) = g**3 - 995 + 1278 - 2*g + 0*g. Let z be y(0). Suppose -15 = 3*c, 3*a - c - 4*c = z. What is the tens digit of a?
8
Suppose -15 = -4*g - 3*h + 4*h, -g + h + 3 = 0. What is the tens digit of 5*(-2 + g + 0)?
1
Let h = -31 - -35. Suppose 0 = -h*b + 2*q + 26, 4*b - 1 = -2*q + 5. Suppose 2*d + 53 = g, b*d + 2 = 6. What is the tens digit of g?
5
Let j(o) be the second derivative of o**5/20 + 5*o**4/12 + o**3/3 - 2*o**2 + 19*o. Let b be j(-4). What is the units digit of 86 + 0/b + -2 + -1?
3
Let t = 401 + -400. What is the units digit of (t + (-67)/(-3))*(-135)/(-10)?
5
Suppose -20*a = 15 - 315. Suppose 0 = -a*u - 4*u + 1520. What is the units digit of u?
0
Let w(k) = k**3 - 28*k**2 - 3*k - 25. Let h be w(28). Let t = h + 659. What is the units digit of t?
0
Let r(b) = 5*b + 31. Let n(a) = -56*a - 340. Let v(o) = -6*n(o) - 68*r(o). Let f be v(-19). What is the hundreds digit of ((-2)/(-3))/((40/1455)/f)?
1
Let l be (3 - 6 - -3) + 2. Let s(i) = 15*i**3 - 5*i + 11. Let g be s(l). Suppose 11 + g = 4*h. What is the units digit of h?
3
Suppose -3*y - 15 = 2*v + 92, 2*y = 4*v - 50. Let w = 34 + y. Let n(d) = 17*d**3 + d. What is the tens digit of n(w)?
1
Suppose 4*w + 6902 = -10*w. Let i = 1065 + w. What is the tens digit of i?
7
Let a(o) = o**3 - 9*o**2 + 4*o - 23. Suppose -q + 198 = 17*q. What is the units digit of a(q)?
3
Suppose 5*p = 4*k + 8, 0 = 4*p + 4*k + 8. Suppose -323*w + 319*w + 112 = p. What is the tens digit of w?
2
Let a = -185 - -182. What is the units digit of (a - (-5 - -5))/(3/(-157))?
7
Let z(v) = -v**3 - 32*v**2 + 32*v + 56. Let h be z(-32). Let p = h + 1674. What is the tens digit of p?
0
Let c = 22 + -25. Let v be 4/(-6) + (-1157)/c. Suppose 3*s - v = -2*s. What is the tens digit of s?
7
Let a be 2 + 2 + 0/1. Suppose 0 = -q - 2*s + a*s - 19, 4*s = 3*q + 57. Let d(i) = i**2 + 11*i - 17. What is the tens digit of d(q)?
3
What is the units digit of (-22950)/(-1785)*(-1 + 17/3)?
0
Suppose 10 = -j + 3*j. Suppose -4*l = -2*f - 100, l - 3*f + 120 = j*l. What is the hundreds digit of ((-6)/l*-6)/((-3)/(-405))?
1
Let m = 171 + -212. What is the tens digit of (40/50)/(-2 + m/(-20))?
1
Let n be (-12)/(-1) + 5/(15/9). Let j = 129 - 88. Let f = j - n. What is the tens digit of f?
2
Let h = 193 - 103. Let q be 4/(8/h)*1. Let n = q + 36. What is the units digit of n?
1
Let r = 586 + -586. Suppose -4*i + 5*b - 3*b + 5316 = r, -3*i = -4*b - 3977. What is the units digit of i?
1
Suppose -198240 = -81*w + 41*w. What is the tens digit of w?
5
Suppose 6*t = 46 + 44. Suppose t*k - 9910 = -3700. What is the hundreds digit of k?
4
Let z(p) = 14*p**2 - 91*p - 3936. What is the units digit of z(-58)?
8
Suppose -60*z - 108 = -69*z. Suppose -8845 = -z*a + 9455. What is the thousands digit of a?
1
Suppose 3*w = -j + 2554 + 1038, -5*j = w - 17946. What is the hundreds digit of j?
5
What is the thousands digit of (-13581*(6 - (-3 - 175/(-21))))/(-1)?
9
Suppose -2*n - 8 = 2. Let q be 76 - 12/(-20)*n. Suppose h - 4*l + 0*l = q, -219 = -3*h + 2*l. What is the units digit of h?
3
Let g be 2693 + -4 - -4*1. Suppose 0 = -9*z - g + 10145. What is the hundreds digit of z?
8
What is the hundreds digit of ((-38)/6 + 5)*-46758?
3
Suppose -541*n + 510*n = 10075. Suppose 0 = -5*z - 4*m - 372, m - 4*m = 9. Let i = z - n. What is the hundreds digit of i?
2
Let g(x) = 35*x**2 - 11*x + 282. What is the thousands digit of g(27)?
5
Suppose 0 = 2*k - 497 + 91. Suppose -2*i = -k - 61. What is the hundreds digit of i?
1
Let r(t) = -t**3 - 2*t**2 - 38*t + 40. What is the tens digit of r(-14)?
2
Let q be -4 + 15*3/(-30)*-64. Let v = q - -702. What is the tens digit of v?
9
Suppose 5*k + 48 = 43, -5*a + 20693 = -3*k. What is the tens digit of a?
3
Let a(l) = -32*l + 2. Suppose 2*w = 4*y - 12, 0 = -w + 2*y - y - 4. Let g be -2*(-1)/((w - 2) + 3). What is the units digit of a(g)?
6
What is the hundreds digit of 1764/(-588) + (0 - -60676)?
6
Let m = 116 - 120. Let x(q) = -2*q**3 + 5*q**2 + 9*q - 4. What is the hundreds digit of x(m)?
1
Suppose -5*c + 17290 = 5*u, 0 = -5*u + 21*c - 24*c + 17296. What is the tens digit of u?
6
What is the ten thousands digit of (-104367)/(-5) + -16 + 2184/140?
2
Let a = -25585 + 52288. What is the thousands digit of a?
6
Let s = 3452 - 1863. What is the thousands digit of s?
1
Let b(q) = 36 - 3*q - 24*q + q**2 - 126. What is the units digit of b(47)?
0
Let m = 656 + -465. Suppose -m = -v - 4*l + l, -3*v + l + 543 = 0. What is the hundreds digit of 3/(-9)*-3*(v - -4)?
1
Let s(t) = 2*t**2 - 4*t - 5. Let w(r) = -r**3 + 2*r**2 - 4*r + 6. Let k be w(2). Let c be s(k). Suppose u - c = 17. What is the units digit of u?
8
Let n = 384 - 300. What is the hundreds digit of 2037/12 + (-7)/(n/9)?
1
Suppose -a = -3*q - 2131, -a - 3*a - 2*q + 8468 = 0. What is the units digit of (6 + -3)*a/39?
3
Suppose -18 = -f + 12. Suppose -f*y + 3394 = -18896. What is the units digit of y?
3
Suppose -24*r + 29*r = 245. Let n = r + -44. Suppose n*w = 478 + 52. What is the units digit of w?
6
Suppose g - 8 = -10. Let v be -2 + (-1 + g - -4). What is the tens digit of (-3 - -5) + 4*v - -109?
0
Suppose -14772*a = -14868*a + 7250976. What is the tens digit of a?
3
Let l(k) = 73*k**2 + 286*k - 439. What is the hundreds digit of l(-23)?
6
Suppose 27*u - 28*u + 5 = 0. Suppose -u*j + 620 = -4*g, 0*j = -j - 2*g + 110. Let t = 188 - j. What is the units digit of t?
8
Let m(i) = -101*i - 82. Let y be m(-7). Suppose -815 = -4*p + y. What is the units digit of p?
0
Let y(u) = 10*u - 4. Let a be y(3). Suppose s = a + 62. Let l = s + -43. What is the units digit of l?
5
Let y = 23016 - 15489. What is the units digit of y?
7
Suppose -8*p - 4070 - 1210 = 0. Let z = p + 1127. What is the units digit of z?
7
Suppose -3381 = -3*a + 4*g, -5*g + 2113 + 118 = 2*a. Suppose -1477 - a = -5*c. What is the tens digit of c?
2
Suppose -11*y + 25 = -6*y. Suppose a - 4*k - 28 = -a, 0 = -y*a + k + 34. Suppose -a*g + 580 = -g. What is the tens digit of g?
1
Let f be (-34)/(1/(-4*2)). Suppose 0 = 4*r + j - 752, -3*j - 292 - f = -3*r. Let q = r + -107. What is the units digit of q?
1
Let o = 74667 - 10764. What is the units digit of o?
3
Suppose -3*n = 2*j - 9, 6*j + 2*n - 50 = j. Let a be ((350/(-3))/5)/(2/j). What is the tens digit of (a + -1)/((-7)/(-28)*-4)?
4
Let n(o) = -7*o**2 - 2 - o**3 + 29 - 2*o + 18*o. What is the tens digit of n(-9)?
4
Suppose t + 5*x = 10*x, 5*t = 5*x + 80. What is the units digit of 134/(-1 + 2 + (20 - t))?
4
Let j(r) = 1551*r**3 + r - 1. Let t be j(1). Let w = -576 + t. What is the tens digit of w?
7
Let r(j) = -j**3 + 6*j**2 - 2*j - 5. Let l(b) = -2*b**3 - 3*b**2 - 16*b - 31. Let x be l(-2). What is the tens digit of r(x)?
1
What is the hundreds digit of (-1094058)/(-58) + (-252)/3654?
8
Let p be ((-24)/2 + 2)*4/(-10). Suppose -4*w = 3*j + 180, -p*j - 3*w = j + 300. What is the hundreds digit of ((-466)/(-5))/1*j/(-24)?
2
Let o(p) = 718*p**2 + 33*p - 13. What is the ten thousands digit of o(-4)?
1
Suppose -20*l + 51902 = -0*l - 156838. What is the hundreds digit of l?
4
Let g(l) = 28*l**3 - 5*l**2 + 19*l - 86. What is the units digit of g(9)?
2
Suppose 0 = -n + 326 + 460. Let b = n + -70. What is the tens digit of b?
1
Suppose -2*r + 4*f + 23152 = 0, -8*f + 1924 = 2*r - 21168. What is the ten thousands digit of r?
1
Suppose -5*c + 4*f + 16 = -0*f, 0 = -2*f - 8. Suppose i = -2*b + 5*b - 73, -3*b - 15 = c. Let j = i - -168. What is the units digit of j?
0
L